{"id":109,"date":"2021-04-09T12:39:49","date_gmt":"2021-04-09T12:39:49","guid":{"rendered":"https:\/\/eliaequitation.live-website.com\/?page_id=109"},"modified":"2022-08-19T12:30:11","modified_gmt":"2022-08-19T12:30:11","slug":"sorties","status":"publish","type":"page","link":"https:\/\/elia-equitation.fr\/?page_id=109","title":{"rendered":"Sorties"},"content":{"rendered":"\t\t<div data-elementor-type=\"wp-page\" data-elementor-id=\"109\" class=\"elementor elementor-109\">\n\t\t\t\t\t\t<section class=\"elementor-section elementor-top-section elementor-element elementor-element-69d70b2 elementor-section-boxed elementor-section-height-default elementor-section-height-default\" data-id=\"69d70b2\" data-element_type=\"section\" data-settings=\"{&quot;background_background&quot;:&quot;classic&quot;}\">\n\t\t\t\t\t\t<div class=\"elementor-container elementor-column-gap-default\">\n\t\t\t\t\t<div class=\"elementor-column elementor-col-100 elementor-top-column elementor-element elementor-element-7103e7a\" data-id=\"7103e7a\" data-element_type=\"column\">\n\t\t\t<div class=\"elementor-widget-wrap elementor-element-populated\">\n\t\t\t\t\t\t<div class=\"elementor-element elementor-element-6f8893c elementor-widget elementor-widget-text-editor\" data-id=\"6f8893c\" data-element_type=\"widget\" data-widget_type=\"text-editor.default\">\n\t\t\t\t<div class=\"elementor-widget-container\">\n\t\t\t\t\t\t\t<p>ELIA \u00c9QUITATION<\/p>\t\t\t\t\t\t<\/div>\n\t\t\t\t<\/div>\n\t\t\t\t<div class=\"elementor-element elementor-element-af8ac53 elementor-widget-divider--view-line elementor-widget elementor-widget-divider\" data-id=\"af8ac53\" data-element_type=\"widget\" data-widget_type=\"divider.default\">\n\t\t\t\t<div class=\"elementor-widget-container\">\n\t\t\t\t\t<div class=\"elementor-divider\">\n\t\t\t<span class=\"elementor-divider-separator\">\n\t\t\t\t\t\t<\/span>\n\t\t<\/div>\n\t\t\t\t<\/div>\n\t\t\t\t<\/div>\n\t\t\t\t<div class=\"elementor-element elementor-element-1e6e61b elementor-widget elementor-widget-heading\" data-id=\"1e6e61b\" data-element_type=\"widget\" data-widget_type=\"heading.default\">\n\t\t\t\t<div class=\"elementor-widget-container\">\n\t\t\t<h2 class=\"elementor-heading-title elementor-size-default\">Sorties<\/h2>\t\t<\/div>\n\t\t\t\t<\/div>\n\t\t\t\t\t<\/div>\n\t\t<\/div>\n\t\t\t\t\t<\/div>\n\t\t<\/section>\n\t\t\t\t<section class=\"elementor-section elementor-top-section elementor-element elementor-element-881a8fc elementor-section-boxed elementor-section-height-default elementor-section-height-default\" data-id=\"881a8fc\" data-element_type=\"section\">\n\t\t\t\t\t\t<div class=\"elementor-container elementor-column-gap-default\">\n\t\t\t\t\t<div class=\"elementor-column elementor-col-100 elementor-top-column elementor-element elementor-element-ef1c25b\" data-id=\"ef1c25b\" data-element_type=\"column\">\n\t\t\t<div class=\"elementor-widget-wrap elementor-element-populated\">\n\t\t\t\t\t\t<section class=\"elementor-section elementor-inner-section elementor-element elementor-element-861da83 elementor-section-content-middle elementor-section-boxed elementor-section-height-default elementor-section-height-default\" data-id=\"861da83\" data-element_type=\"section\">\n\t\t\t\t\t\t<div class=\"elementor-container elementor-column-gap-default\">\n\t\t\t\t\t<div class=\"elementor-column elementor-col-50 elementor-inner-column elementor-element elementor-element-9a18673\" data-id=\"9a18673\" data-element_type=\"column\">\n\t\t\t<div class=\"elementor-widget-wrap elementor-element-populated\">\n\t\t\t\t\t\t<div class=\"elementor-element elementor-element-419969a elementor-widget elementor-widget-image\" data-id=\"419969a\" data-element_type=\"widget\" data-widget_type=\"image.default\">\n\t\t\t\t<div class=\"elementor-widget-container\">\n\t\t\t\t\t\t\t\t\t\t\t\t\t<img fetchpriority=\"high\" width=\"1024\" height=\"683\" src=\"https:\/\/elia-equitation.fr\/wp-content\/uploads\/2022\/07\/IMG_5576-min-1024x683.jpg\" class=\"attachment-large size-large wp-image-2014\" alt=\"\" srcset=\"https:\/\/elia-equitation.fr\/wp-content\/uploads\/2022\/07\/IMG_5576-min-1024x683.jpg 1024w, https:\/\/elia-equitation.fr\/wp-content\/uploads\/2022\/07\/IMG_5576-min-300x200.jpg 300w, https:\/\/elia-equitation.fr\/wp-content\/uploads\/2022\/07\/IMG_5576-min-768x512.jpg 768w, https:\/\/elia-equitation.fr\/wp-content\/uploads\/2022\/07\/IMG_5576-min-1536x1024.jpg 1536w, https:\/\/elia-equitation.fr\/wp-content\/uploads\/2022\/07\/IMG_5576-min-2048x1365.jpg 2048w, https:\/\/elia-equitation.fr\/wp-content\/uploads\/2022\/07\/IMG_5576-min-930x620.jpg 930w\" sizes=\"(max-width: 1024px) 100vw, 1024px\" \/>\t\t\t\t\t\t\t\t\t\t\t\t\t<\/div>\n\t\t\t\t<\/div>\n\t\t\t\t<div class=\"elementor-element elementor-element-db0060c elementor-widget elementor-widget-image\" data-id=\"db0060c\" data-element_type=\"widget\" data-widget_type=\"image.default\">\n\t\t\t\t<div class=\"elementor-widget-container\">\n\t\t\t\t\t\t\t\t\t\t\t\t\t<img width=\"1024\" height=\"704\" src=\"https:\/\/elia-equitation.fr\/wp-content\/uploads\/2022\/05\/PHOTO-2021-12-28-23-46-16-1024x704.jpg\" class=\"attachment-large size-large wp-image-1514\" alt=\"\" srcset=\"https:\/\/elia-equitation.fr\/wp-content\/uploads\/2022\/05\/PHOTO-2021-12-28-23-46-16-1024x704.jpg 1024w, https:\/\/elia-equitation.fr\/wp-content\/uploads\/2022\/05\/PHOTO-2021-12-28-23-46-16-300x206.jpg 300w, https:\/\/elia-equitation.fr\/wp-content\/uploads\/2022\/05\/PHOTO-2021-12-28-23-46-16-768x528.jpg 768w, https:\/\/elia-equitation.fr\/wp-content\/uploads\/2022\/05\/PHOTO-2021-12-28-23-46-16-1536x1056.jpg 1536w, https:\/\/elia-equitation.fr\/wp-content\/uploads\/2022\/05\/PHOTO-2021-12-28-23-46-16.jpg 1600w\" sizes=\"(max-width: 1024px) 100vw, 1024px\" \/>\t\t\t\t\t\t\t\t\t\t\t\t\t<\/div>\n\t\t\t\t<\/div>\n\t\t\t\t<div class=\"elementor-element elementor-element-394fbe0 elementor-hidden-desktop elementor-hidden-mobile elementor-widget elementor-widget-image\" data-id=\"394fbe0\" data-element_type=\"widget\" data-widget_type=\"image.default\">\n\t\t\t\t<div class=\"elementor-widget-container\">\n\t\t\t\t\t\t\t\t\t\t\t\t\t<img width=\"1024\" height=\"683\" src=\"https:\/\/elia-equitation.fr\/wp-content\/uploads\/2022\/07\/IMG_5751-min-1024x683.jpg\" class=\"attachment-large size-large wp-image-2020\" alt=\"\" srcset=\"https:\/\/elia-equitation.fr\/wp-content\/uploads\/2022\/07\/IMG_5751-min-1024x683.jpg 1024w, https:\/\/elia-equitation.fr\/wp-content\/uploads\/2022\/07\/IMG_5751-min-300x200.jpg 300w, https:\/\/elia-equitation.fr\/wp-content\/uploads\/2022\/07\/IMG_5751-min-768x512.jpg 768w, https:\/\/elia-equitation.fr\/wp-content\/uploads\/2022\/07\/IMG_5751-min-1536x1024.jpg 1536w, https:\/\/elia-equitation.fr\/wp-content\/uploads\/2022\/07\/IMG_5751-min-2048x1365.jpg 2048w, https:\/\/elia-equitation.fr\/wp-content\/uploads\/2022\/07\/IMG_5751-min-930x620.jpg 930w\" sizes=\"(max-width: 1024px) 100vw, 1024px\" \/>\t\t\t\t\t\t\t\t\t\t\t\t\t<\/div>\n\t\t\t\t<\/div>\n\t\t\t\t\t<\/div>\n\t\t<\/div>\n\t\t\t\t<div class=\"elementor-column elementor-col-50 elementor-inner-column elementor-element elementor-element-4263260\" data-id=\"4263260\" data-element_type=\"column\" data-settings=\"{&quot;background_background&quot;:&quot;classic&quot;}\">\n\t\t\t<div class=\"elementor-widget-wrap elementor-element-populated\">\n\t\t\t\t\t\t<div class=\"elementor-element elementor-element-e75a1c3 elementor-widget elementor-widget-heading\" data-id=\"e75a1c3\" data-element_type=\"widget\" data-widget_type=\"heading.default\">\n\t\t\t\t<div class=\"elementor-widget-container\">\n\t\t\t<h3 class=\"elementor-heading-title elementor-size-default\">Sorties en comp\u00e9titions<\/h3>\t\t<\/div>\n\t\t\t\t<\/div>\n\t\t\t\t<div class=\"elementor-element elementor-element-55a6f9e elementor-widget elementor-widget-text-editor\" data-id=\"55a6f9e\" data-element_type=\"widget\" data-widget_type=\"text-editor.default\">\n\t\t\t\t<div class=\"elementor-widget-container\">\n\t\t\t\t\t\t\t<p>Chaque mois, nous organisons des sorties en comp\u00e9tition. \u00c9curie orient\u00e9e principalement vers l\u2019obstacle et le horse-ball, des sorties dans d\u2019autres disciplines sont possible \u00e0 la demande des cavaliers, comme en dressage.<\/p><p>Les objectifs de comp\u00e9tition sont individualis\u00e9 \u00e0 chaque cavalier en fonction de son niveau. On travaille selon les objectifs \u00e0 atteindre, pour certains, les comp\u00e9titions r\u00e9gionales et pour d&rsquo;autres, viser les championnats de France.<\/p><p>Au-del\u00e0 de la comp\u00e9tition, les sorties en concours sont l\u2019occasion pour les cavaliers de gagner confiance en eux et de se d\u00e9passer. Une gestion rigoureuse du cheval est demand\u00e9e pour ces comp\u00e9titions : il faut avoir le sens de l&rsquo;organisation sans oublier l&rsquo;esprit d&rsquo;\u00e9quipe !<\/p><p>Accessibles \u00e0 partir du galop 2, les comp\u00e9titions en club proposent un panel d\u2019\u00e9preuve, destin\u00e9es aux d\u00e9butants comme aux cavaliers confirm\u00e9s, permettant \u00e0 chacun d\u2019\u00e9voluer \u00e0 son propre rythme.<\/p>\t\t\t\t\t\t<\/div>\n\t\t\t\t<\/div>\n\t\t\t\t\t<\/div>\n\t\t<\/div>\n\t\t\t\t\t<\/div>\n\t\t<\/section>\n\t\t\t\t\t<\/div>\n\t\t<\/div>\n\t\t\t\t\t<\/div>\n\t\t<\/section>\n\t\t\t\t<section class=\"elementor-section elementor-top-section elementor-element elementor-element-6b84390 elementor-section-boxed elementor-section-height-default elementor-section-height-default\" data-id=\"6b84390\" data-element_type=\"section\">\n\t\t\t\t\t\t<div class=\"elementor-container elementor-column-gap-default\">\n\t\t\t\t\t<div class=\"elementor-column elementor-col-100 elementor-top-column elementor-element elementor-element-be3cf2a\" data-id=\"be3cf2a\" data-element_type=\"column\">\n\t\t\t<div class=\"elementor-widget-wrap\">\n\t\t\t\t\t\t\t<\/div>\n\t\t<\/div>\n\t\t\t\t\t<\/div>\n\t\t<\/section>\n\t\t\t\t<section class=\"elementor-section elementor-top-section elementor-element elementor-element-5ca0e31 elementor-section-boxed elementor-section-height-default elementor-section-height-default\" data-id=\"5ca0e31\" data-element_type=\"section\">\n\t\t\t\t\t\t<div class=\"elementor-container elementor-column-gap-default\">\n\t\t\t\t\t<div class=\"elementor-column elementor-col-50 elementor-top-column elementor-element elementor-element-f7a5359\" data-id=\"f7a5359\" data-element_type=\"column\">\n\t\t\t<div class=\"elementor-widget-wrap elementor-element-populated\">\n\t\t\t\t\t\t<div class=\"elementor-element elementor-element-f0d983b elementor-widget elementor-widget-heading\" data-id=\"f0d983b\" data-element_type=\"widget\" data-widget_type=\"heading.default\">\n\t\t\t\t<div class=\"elementor-widget-container\">\n\t\t\t<h3 class=\"elementor-heading-title elementor-size-default\">Sorties loisirs<\/h3>\t\t<\/div>\n\t\t\t\t<\/div>\n\t\t\t\t<div class=\"elementor-element elementor-element-5264090 elementor-widget elementor-widget-text-editor\" data-id=\"5264090\" data-element_type=\"widget\" data-widget_type=\"text-editor.default\">\n\t\t\t\t<div class=\"elementor-widget-container\">\n\t\t\t\t\t\t\t<p>Chaque ann\u00e9e, des sorties sont organis\u00e9es : \u00e0 cheval ou \u00e0 pied ! La proximit\u00e9 avec la mer nous permet de faire des sorties \u00e0 la plage, quoi de mieux que de longues galopades au bord de l\u2019eau ? Ou alors de partir en randonn\u00e9e dans l\u2019immense et magnifique for\u00eat de Chantilly.<span class=\"Apple-converted-space\">&nbsp;<\/span><\/p>\n<p>Les nombreux \u00e9v\u00e8nements \u00e9questres ayant lieu \u00e0 proximit\u00e9, tels que les salons \u00e9quins o\u00f9 les jumpings internationaux sont des occasions d\u2019organiser des sorties pour s\u2019y rendre tous ensemble !&nbsp;<\/p>\n<p>Pour retrouver toutes les informations et les dates importantes de notre club d\u2019\u00e9quitation, rendez-vous sur la page calendrier !<span class=\"Apple-converted-space\">&nbsp;<\/span><\/p>\t\t\t\t\t\t<\/div>\n\t\t\t\t<\/div>\n\t\t\t\t<div class=\"elementor-element elementor-element-3a16f6e elementor-align-center elementor-widget elementor-widget-button\" data-id=\"3a16f6e\" data-element_type=\"widget\" data-widget_type=\"button.default\">\n\t\t\t\t<div class=\"elementor-widget-container\">\n\t\t\t\t\t<div class=\"elementor-button-wrapper\">\n\t\t\t<a class=\"elementor-button elementor-button-link elementor-size-sm\" href=\"https:\/\/elia-equitation.fr\/?post_type=tribe_events\">\n\t\t\t\t\t\t<span class=\"elementor-button-content-wrapper\">\n\t\t\t\t\t\t\t\t\t<span class=\"elementor-button-text\">Calendrier<\/span>\n\t\t\t\t\t<\/span>\n\t\t\t\t\t<\/a>\n\t\t<\/div>\n\t\t\t\t<\/div>\n\t\t\t\t<\/div>\n\t\t\t\t\t<\/div>\n\t\t<\/div>\n\t\t\t\t<div class=\"elementor-column elementor-col-50 elementor-top-column elementor-element elementor-element-0d5509f\" data-id=\"0d5509f\" data-element_type=\"column\">\n\t\t\t<div class=\"elementor-widget-wrap elementor-element-populated\">\n\t\t\t\t\t\t<div class=\"elementor-element elementor-element-17ea2bc elementor-widget elementor-widget-image\" data-id=\"17ea2bc\" data-element_type=\"widget\" data-widget_type=\"image.default\">\n\t\t\t\t<div class=\"elementor-widget-container\">\n\t\t\t\t\t\t\t\t\t\t\t\t\t<img loading=\"lazy\" width=\"960\" height=\"640\" src=\"https:\/\/elia-equitation.fr\/wp-content\/uploads\/2022\/05\/67591119_2318889424844232_3701858258319835136_n.jpg\" class=\"attachment-large size-large wp-image-1516\" alt=\"\" srcset=\"https:\/\/elia-equitation.fr\/wp-content\/uploads\/2022\/05\/67591119_2318889424844232_3701858258319835136_n.jpg 960w, https:\/\/elia-equitation.fr\/wp-content\/uploads\/2022\/05\/67591119_2318889424844232_3701858258319835136_n-300x200.jpg 300w, https:\/\/elia-equitation.fr\/wp-content\/uploads\/2022\/05\/67591119_2318889424844232_3701858258319835136_n-768x512.jpg 768w, https:\/\/elia-equitation.fr\/wp-content\/uploads\/2022\/05\/67591119_2318889424844232_3701858258319835136_n-930x620.jpg 930w\" sizes=\"(max-width: 960px) 100vw, 960px\" \/>\t\t\t\t\t\t\t\t\t\t\t\t\t<\/div>\n\t\t\t\t<\/div>\n\t\t\t\t<div class=\"elementor-element elementor-element-d4f7623 elementor-widget elementor-widget-image\" data-id=\"d4f7623\" data-element_type=\"widget\" data-widget_type=\"image.default\">\n\t\t\t\t<div class=\"elementor-widget-container\">\n\t\t\t\t\t\t\t\t\t\t\t\t\t<img src=\"https:\/\/elia-equitation.fr\/wp-content\/uploads\/elementor\/thumbs\/5-pqqcbv8n3dwkm2exef1j8d4r4k5kmhjfg91w32hso4.jpg\" title=\"5\" alt=\"5\" loading=\"lazy\" \/>\t\t\t\t\t\t\t\t\t\t\t\t\t<\/div>\n\t\t\t\t<\/div>\n\t\t\t\t\t<\/div>\n\t\t<\/div>\n\t\t\t\t\t<\/div>\n\t\t<\/section>\n\t\t\t\t<\/div>\n\t\t","protected":false},"excerpt":{"rendered":"<p>ELIA \u00c9QUITATION Sorties Sorties en comp\u00e9titions Chaque mois, nous organisons des sorties en comp\u00e9tition. \u00c9curie orient\u00e9e principalement vers l\u2019obstacle et le horse-ball, des sorties dans d\u2019autres disciplines sont possible \u00e0&hellip;&nbsp;<a href=\"https:\/\/elia-equitation.fr\/?page_id=109\" rel=\"bookmark\">Lire la suite &raquo;<span class=\"screen-reader-text\">Sorties<\/span><\/a><\/p>\n","protected":false},"author":1,"featured_media":0,"parent":0,"menu_order":0,"comment_status":"closed","ping_status":"closed","template":"page-templates\/template-pagebuilder-full-width.php","meta":{"neve_meta_sidebar":"","neve_meta_container":"","neve_meta_enable_content_width":"","neve_meta_content_width":0,"neve_meta_title_alignment":"","neve_meta_author_avatar":"","neve_post_elements_order":"","neve_meta_disable_header":"","neve_meta_disable_footer":"","neve_meta_disable_title":"","_EventAllDay":false,"_EventTimezone":"","_EventStartDate":"","_EventEndDate":"","_EventStartDateUTC":"","_EventEndDateUTC":"","_EventShowMap":false,"_EventShowMapLink":false,"_EventURL":"","_EventCost":"","_EventCostDescription":"","_EventCurrencySymbol":"","_EventCurrencyCode":"","_EventCurrencyPosition":"","_EventDateTimeSeparator":"","_EventTimeRangeSeparator":"","_EventOrganizerID":[],"_EventVenueID":0,"_OrganizerEmail":"","_OrganizerPhone":"","_OrganizerWebsite":"","_VenueAddress":"","_VenueCity":"","_VenueCountry":"","_VenueProvince":"","_VenueZip":"","_VenuePhone":"","_VenueURL":"","_VenueStateProvince":"","_VenueLat":"","_VenueLng":""},"_links":{"self":[{"href":"https:\/\/elia-equitation.fr\/index.php?rest_route=\/wp\/v2\/pages\/109"}],"collection":[{"href":"https:\/\/elia-equitation.fr\/index.php?rest_route=\/wp\/v2\/pages"}],"about":[{"href":"https:\/\/elia-equitation.fr\/index.php?rest_route=\/wp\/v2\/types\/page"}],"author":[{"embeddable":true,"href":"https:\/\/elia-equitation.fr\/index.php?rest_route=\/wp\/v2\/users\/1"}],"replies":[{"embeddable":true,"href":"https:\/\/elia-equitation.fr\/index.php?rest_route=%2Fwp%2Fv2%2Fcomments&post=109"}],"version-history":[{"count":31,"href":"https:\/\/elia-equitation.fr\/index.php?rest_route=\/wp\/v2\/pages\/109\/revisions"}],"predecessor-version":[{"id":2283,"href":"https:\/\/elia-equitation.fr\/index.php?rest_route=\/wp\/v2\/pages\/109\/revisions\/2283"}],"wp:attachment":[{"href":"https:\/\/elia-equitation.fr\/index.php?rest_route=%2Fwp%2Fv2%2Fmedia&parent=109"}],"curies":[{"name":"wp","href":"https:\/\/api.w.org\/{rel}","templated":true}]}}