{"id":105,"date":"2021-04-09T12:39:49","date_gmt":"2021-04-09T12:39:49","guid":{"rendered":"https:\/\/eliaequitation.live-website.com\/?page_id=105"},"modified":"2022-08-17T14:49:25","modified_gmt":"2022-08-17T14:49:25","slug":"coach","status":"publish","type":"page","link":"https:\/\/elia-equitation.fr\/?page_id=105","title":{"rendered":"Coach"},"content":{"rendered":"\t\t<div data-elementor-type=\"wp-page\" data-elementor-id=\"105\" class=\"elementor elementor-105\">\n\t\t\t\t\t\t<section class=\"elementor-section elementor-top-section elementor-element elementor-element-f425e7e elementor-section-boxed elementor-section-height-default elementor-section-height-default\" data-id=\"f425e7e\" data-element_type=\"section\" data-settings=\"{&quot;background_background&quot;:&quot;classic&quot;}\">\n\t\t\t\t\t\t<div class=\"elementor-container elementor-column-gap-default\">\n\t\t\t\t\t<div class=\"elementor-column elementor-col-100 elementor-top-column elementor-element elementor-element-3b6c5b3\" data-id=\"3b6c5b3\" data-element_type=\"column\">\n\t\t\t<div class=\"elementor-widget-wrap elementor-element-populated\">\n\t\t\t\t\t\t<div class=\"elementor-element elementor-element-3d27efb elementor-widget elementor-widget-text-editor\" data-id=\"3d27efb\" data-element_type=\"widget\" data-widget_type=\"text-editor.default\">\n\t\t\t\t<div class=\"elementor-widget-container\">\n\t\t\t\t\t\t\t<p>ELIA \u00c9QUITATION<\/p>\t\t\t\t\t\t<\/div>\n\t\t\t\t<\/div>\n\t\t\t\t<div class=\"elementor-element elementor-element-b383f69 elementor-widget-divider--view-line elementor-widget elementor-widget-divider\" data-id=\"b383f69\" data-element_type=\"widget\" data-widget_type=\"divider.default\">\n\t\t\t\t<div class=\"elementor-widget-container\">\n\t\t\t\t\t<div class=\"elementor-divider\">\n\t\t\t<span class=\"elementor-divider-separator\">\n\t\t\t\t\t\t<\/span>\n\t\t<\/div>\n\t\t\t\t<\/div>\n\t\t\t\t<\/div>\n\t\t\t\t<div class=\"elementor-element elementor-element-dd855fc elementor-widget elementor-widget-heading\" data-id=\"dd855fc\" data-element_type=\"widget\" data-widget_type=\"heading.default\">\n\t\t\t\t<div class=\"elementor-widget-container\">\n\t\t\t<h2 class=\"elementor-heading-title elementor-size-default\">Coach<\/h2>\t\t<\/div>\n\t\t\t\t<\/div>\n\t\t\t\t\t<\/div>\n\t\t<\/div>\n\t\t\t\t\t<\/div>\n\t\t<\/section>\n\t\t\t\t<section class=\"elementor-section elementor-top-section elementor-element elementor-element-43fd1e7 elementor-section-boxed elementor-section-height-default elementor-section-height-default\" data-id=\"43fd1e7\" data-element_type=\"section\">\n\t\t\t\t\t\t<div class=\"elementor-container elementor-column-gap-default\">\n\t\t\t\t\t<div class=\"elementor-column elementor-col-50 elementor-top-column elementor-element elementor-element-3cdf041\" data-id=\"3cdf041\" data-element_type=\"column\">\n\t\t\t<div class=\"elementor-widget-wrap elementor-element-populated\">\n\t\t\t\t\t\t<div class=\"elementor-element elementor-element-fa44b1e elementor-hidden-mobile elementor-widget elementor-widget-spacer\" data-id=\"fa44b1e\" data-element_type=\"widget\" data-widget_type=\"spacer.default\">\n\t\t\t\t<div class=\"elementor-widget-container\">\n\t\t\t\t\t<div class=\"elementor-spacer\">\n\t\t\t<div class=\"elementor-spacer-inner\"><\/div>\n\t\t<\/div>\n\t\t\t\t<\/div>\n\t\t\t\t<\/div>\n\t\t\t\t<div class=\"elementor-element elementor-element-aaab9e7 elementor-widget elementor-widget-text-editor\" data-id=\"aaab9e7\" data-element_type=\"widget\" data-widget_type=\"text-editor.default\">\n\t\t\t\t<div class=\"elementor-widget-container\">\n\t\t\t\t\t\t\t<p class=\"p1\">Chez Elia \u00e9quitation, vous b\u00e9n\u00e9ficiez de l\u2019enseignement d\u2019une unique coach : Emilie Dufrane. Elle connait chacun de ses cavaliers, depuis parfois plus de dix ans ! Ce qui lui permet, de suivre leur \u00e9volution et leurs progr\u00e8s. S\u2019adapter aux besoins et aux envies de chaque personne, c&rsquo;est son dada !<\/p>\t\t\t\t\t\t<\/div>\n\t\t\t\t<\/div>\n\t\t\t\t<div class=\"elementor-element elementor-element-541af0c elementor-hidden-mobile elementor-widget elementor-widget-spacer\" data-id=\"541af0c\" data-element_type=\"widget\" data-widget_type=\"spacer.default\">\n\t\t\t\t<div class=\"elementor-widget-container\">\n\t\t\t\t\t<div class=\"elementor-spacer\">\n\t\t\t<div class=\"elementor-spacer-inner\"><\/div>\n\t\t<\/div>\n\t\t\t\t<\/div>\n\t\t\t\t<\/div>\n\t\t\t\t\t<\/div>\n\t\t<\/div>\n\t\t\t\t<div class=\"elementor-column elementor-col-50 elementor-top-column elementor-element elementor-element-722a04b\" data-id=\"722a04b\" data-element_type=\"column\">\n\t\t\t<div class=\"elementor-widget-wrap elementor-element-populated\">\n\t\t\t\t\t\t<div class=\"elementor-element elementor-element-931917c elementor-hidden-mobile elementor-widget elementor-widget-spacer\" data-id=\"931917c\" data-element_type=\"widget\" data-widget_type=\"spacer.default\">\n\t\t\t\t<div class=\"elementor-widget-container\">\n\t\t\t\t\t<div class=\"elementor-spacer\">\n\t\t\t<div class=\"elementor-spacer-inner\"><\/div>\n\t\t<\/div>\n\t\t\t\t<\/div>\n\t\t\t\t<\/div>\n\t\t\t\t<div class=\"elementor-element elementor-element-360eaf4 elementor-widget elementor-widget-image\" data-id=\"360eaf4\" data-element_type=\"widget\" data-widget_type=\"image.default\">\n\t\t\t\t<div class=\"elementor-widget-container\">\n\t\t\t\t\t\t\t\t\t\t\t\t\t<img fetchpriority=\"high\" width=\"960\" height=\"714\" src=\"https:\/\/elia-equitation.fr\/wp-content\/uploads\/2022\/05\/11070417_860371427362713_5957109258442708174_n.jpg\" class=\"attachment-large size-large wp-image-1536\" alt=\"\" srcset=\"https:\/\/elia-equitation.fr\/wp-content\/uploads\/2022\/05\/11070417_860371427362713_5957109258442708174_n.jpg 960w, https:\/\/elia-equitation.fr\/wp-content\/uploads\/2022\/05\/11070417_860371427362713_5957109258442708174_n-300x223.jpg 300w, https:\/\/elia-equitation.fr\/wp-content\/uploads\/2022\/05\/11070417_860371427362713_5957109258442708174_n-768x571.jpg 768w\" sizes=\"(max-width: 960px) 100vw, 960px\" \/>\t\t\t\t\t\t\t\t\t\t\t\t\t<\/div>\n\t\t\t\t<\/div>\n\t\t\t\t<div class=\"elementor-element elementor-element-d5553f2 elementor-hidden-mobile elementor-widget elementor-widget-spacer\" data-id=\"d5553f2\" data-element_type=\"widget\" data-widget_type=\"spacer.default\">\n\t\t\t\t<div class=\"elementor-widget-container\">\n\t\t\t\t\t<div class=\"elementor-spacer\">\n\t\t\t<div class=\"elementor-spacer-inner\"><\/div>\n\t\t<\/div>\n\t\t\t\t<\/div>\n\t\t\t\t<\/div>\n\t\t\t\t\t<\/div>\n\t\t<\/div>\n\t\t\t\t\t<\/div>\n\t\t<\/section>\n\t\t\t\t<section class=\"elementor-section elementor-top-section elementor-element elementor-element-73fe6658 elementor-section-content-middle elementor-section-boxed elementor-section-height-default elementor-section-height-default\" data-id=\"73fe6658\" data-element_type=\"section\" data-settings=\"{&quot;background_background&quot;:&quot;classic&quot;}\">\n\t\t\t\t\t\t<div class=\"elementor-container elementor-column-gap-no\">\n\t\t\t\t\t<div class=\"elementor-column elementor-col-50 elementor-top-column elementor-element elementor-element-e7339ca\" data-id=\"e7339ca\" data-element_type=\"column\">\n\t\t\t<div class=\"elementor-widget-wrap elementor-element-populated\">\n\t\t\t\t\t\t<div class=\"elementor-element elementor-element-70abd60e elementor-widget elementor-widget-image\" data-id=\"70abd60e\" data-element_type=\"widget\" data-widget_type=\"image.default\">\n\t\t\t\t<div class=\"elementor-widget-container\">\n\t\t\t\t\t\t\t\t\t\t\t\t\t<img width=\"600\" height=\"600\" src=\"https:\/\/elia-equitation.fr\/wp-content\/uploads\/2022\/01\/Coach.png\" class=\"attachment-full size-full wp-image-623\" alt=\"\" srcset=\"https:\/\/elia-equitation.fr\/wp-content\/uploads\/2022\/01\/Coach.png 600w, https:\/\/elia-equitation.fr\/wp-content\/uploads\/2022\/01\/Coach-300x300.png 300w, https:\/\/elia-equitation.fr\/wp-content\/uploads\/2022\/01\/Coach-150x150.png 150w\" sizes=\"(max-width: 600px) 100vw, 600px\" \/>\t\t\t\t\t\t\t\t\t\t\t\t\t<\/div>\n\t\t\t\t<\/div>\n\t\t\t\t\t<\/div>\n\t\t<\/div>\n\t\t\t\t<div class=\"elementor-column elementor-col-50 elementor-top-column elementor-element elementor-element-57958ad4\" data-id=\"57958ad4\" data-element_type=\"column\">\n\t\t\t<div class=\"elementor-widget-wrap elementor-element-populated\">\n\t\t\t\t\t\t<div class=\"elementor-element elementor-element-52d1115d elementor-widget elementor-widget-heading\" data-id=\"52d1115d\" data-element_type=\"widget\" data-widget_type=\"heading.default\">\n\t\t\t\t<div class=\"elementor-widget-container\">\n\t\t\t<h4 class=\"elementor-heading-title elementor-size-default\">Emilie Dufrane<\/h4>\t\t<\/div>\n\t\t\t\t<\/div>\n\t\t\t\t<div class=\"elementor-element elementor-element-20cc9676 elementor-widget elementor-widget-text-editor\" data-id=\"20cc9676\" data-element_type=\"widget\" data-widget_type=\"text-editor.default\">\n\t\t\t\t<div class=\"elementor-widget-container\">\n\t\t\t\t\t\t\t<p class=\"p1\">Douce et p\u00e9dagogue avec les enfants, technique avec les adultes, elle est monitrice depuis plus de 20 ans. Passionn\u00e9e par les chevaux et l\u2019\u00e9quitation, transmettre son savoir a toujours \u00e9t\u00e9 une vocation. Au-del\u00e0 d\u2019une pratique sportive, elle voit dans l\u2019\u00e9quitation un moyen de s\u2019\u00e9panouir et d\u2019apporter bien-\u00eatre et confiance en soi. Un sport qui nous apprend \u00e0 surmonter nos propres difficult\u00e9s, mais aussi celles rencontr\u00e9es dans la relation avec un animal tant sensible qu\u2019intelligent.<\/p>\t\t\t\t\t\t<\/div>\n\t\t\t\t<\/div>\n\t\t\t\t\t<\/div>\n\t\t<\/div>\n\t\t\t\t\t<\/div>\n\t\t<\/section>\n\t\t\t\t<section class=\"elementor-section elementor-top-section elementor-element elementor-element-8f302a2 elementor-section-boxed elementor-section-height-default elementor-section-height-default\" data-id=\"8f302a2\" data-element_type=\"section\">\n\t\t\t\t\t\t<div class=\"elementor-container elementor-column-gap-default\">\n\t\t\t\t\t<div class=\"elementor-column elementor-col-33 elementor-top-column elementor-element elementor-element-1eaf4d4\" data-id=\"1eaf4d4\" data-element_type=\"column\">\n\t\t\t<div class=\"elementor-widget-wrap elementor-element-populated\">\n\t\t\t\t\t\t<div class=\"elementor-element elementor-element-486078b elementor-widget elementor-widget-spacer\" data-id=\"486078b\" data-element_type=\"widget\" data-widget_type=\"spacer.default\">\n\t\t\t\t<div class=\"elementor-widget-container\">\n\t\t\t\t\t<div class=\"elementor-spacer\">\n\t\t\t<div class=\"elementor-spacer-inner\"><\/div>\n\t\t<\/div>\n\t\t\t\t<\/div>\n\t\t\t\t<\/div>\n\t\t\t\t<div class=\"elementor-element elementor-element-c03b8ef elementor-widget elementor-widget-image\" data-id=\"c03b8ef\" data-element_type=\"widget\" data-widget_type=\"image.default\">\n\t\t\t\t<div class=\"elementor-widget-container\">\n\t\t\t\t\t\t\t\t\t\t\t\t\t<img width=\"300\" height=\"300\" src=\"https:\/\/elia-equitation.fr\/wp-content\/uploads\/2022\/04\/125380254_10225820844895652_1454303317201461404_n-300x300.jpg\" class=\"attachment-medium size-medium wp-image-1300\" alt=\"\" srcset=\"https:\/\/elia-equitation.fr\/wp-content\/uploads\/2022\/04\/125380254_10225820844895652_1454303317201461404_n-300x300.jpg 300w, https:\/\/elia-equitation.fr\/wp-content\/uploads\/2022\/04\/125380254_10225820844895652_1454303317201461404_n-1024x1024.jpg 1024w, https:\/\/elia-equitation.fr\/wp-content\/uploads\/2022\/04\/125380254_10225820844895652_1454303317201461404_n-150x150.jpg 150w, https:\/\/elia-equitation.fr\/wp-content\/uploads\/2022\/04\/125380254_10225820844895652_1454303317201461404_n-768x768.jpg 768w, https:\/\/elia-equitation.fr\/wp-content\/uploads\/2022\/04\/125380254_10225820844895652_1454303317201461404_n-1536x1536.jpg 1536w, https:\/\/elia-equitation.fr\/wp-content\/uploads\/2022\/04\/125380254_10225820844895652_1454303317201461404_n.jpg 2048w\" sizes=\"(max-width: 300px) 100vw, 300px\" \/>\t\t\t\t\t\t\t\t\t\t\t\t\t<\/div>\n\t\t\t\t<\/div>\n\t\t\t\t<div class=\"elementor-element elementor-element-72b7d7b elementor-hidden-mobile elementor-widget elementor-widget-spacer\" data-id=\"72b7d7b\" data-element_type=\"widget\" data-widget_type=\"spacer.default\">\n\t\t\t\t<div class=\"elementor-widget-container\">\n\t\t\t\t\t<div class=\"elementor-spacer\">\n\t\t\t<div class=\"elementor-spacer-inner\"><\/div>\n\t\t<\/div>\n\t\t\t\t<\/div>\n\t\t\t\t<\/div>\n\t\t\t\t\t<\/div>\n\t\t<\/div>\n\t\t\t\t<div class=\"elementor-column elementor-col-33 elementor-top-column elementor-element elementor-element-847d696\" data-id=\"847d696\" data-element_type=\"column\">\n\t\t\t<div class=\"elementor-widget-wrap elementor-element-populated\">\n\t\t\t\t\t\t<div class=\"elementor-element elementor-element-70b034f elementor-hidden-mobile elementor-widget elementor-widget-spacer\" data-id=\"70b034f\" data-element_type=\"widget\" data-widget_type=\"spacer.default\">\n\t\t\t\t<div class=\"elementor-widget-container\">\n\t\t\t\t\t<div class=\"elementor-spacer\">\n\t\t\t<div class=\"elementor-spacer-inner\"><\/div>\n\t\t<\/div>\n\t\t\t\t<\/div>\n\t\t\t\t<\/div>\n\t\t\t\t<div class=\"elementor-element elementor-element-ea083c4 elementor-widget elementor-widget-image\" data-id=\"ea083c4\" data-element_type=\"widget\" data-widget_type=\"image.default\">\n\t\t\t\t<div class=\"elementor-widget-container\">\n\t\t\t\t\t\t\t\t\t\t\t\t\t<img loading=\"lazy\" width=\"300\" height=\"300\" src=\"https:\/\/elia-equitation.fr\/wp-content\/uploads\/2022\/04\/Sans-titre-300x300.jpg\" class=\"attachment-medium size-medium wp-image-1302\" alt=\"\" srcset=\"https:\/\/elia-equitation.fr\/wp-content\/uploads\/2022\/04\/Sans-titre-300x300.jpg 300w, https:\/\/elia-equitation.fr\/wp-content\/uploads\/2022\/04\/Sans-titre-1024x1024.jpg 1024w, https:\/\/elia-equitation.fr\/wp-content\/uploads\/2022\/04\/Sans-titre-150x150.jpg 150w, https:\/\/elia-equitation.fr\/wp-content\/uploads\/2022\/04\/Sans-titre-768x768.jpg 768w, https:\/\/elia-equitation.fr\/wp-content\/uploads\/2022\/04\/Sans-titre.jpg 1080w\" sizes=\"(max-width: 300px) 100vw, 300px\" \/>\t\t\t\t\t\t\t\t\t\t\t\t\t<\/div>\n\t\t\t\t<\/div>\n\t\t\t\t\t<\/div>\n\t\t<\/div>\n\t\t\t\t<div class=\"elementor-column elementor-col-33 elementor-top-column elementor-element elementor-element-7976e69\" data-id=\"7976e69\" data-element_type=\"column\">\n\t\t\t<div class=\"elementor-widget-wrap elementor-element-populated\">\n\t\t\t\t\t\t<div class=\"elementor-element elementor-element-596fd88 elementor-hidden-mobile elementor-widget elementor-widget-spacer\" data-id=\"596fd88\" data-element_type=\"widget\" data-widget_type=\"spacer.default\">\n\t\t\t\t<div class=\"elementor-widget-container\">\n\t\t\t\t\t<div class=\"elementor-spacer\">\n\t\t\t<div class=\"elementor-spacer-inner\"><\/div>\n\t\t<\/div>\n\t\t\t\t<\/div>\n\t\t\t\t<\/div>\n\t\t\t\t<div class=\"elementor-element elementor-element-e94186e elementor-widget elementor-widget-text-editor\" data-id=\"e94186e\" data-element_type=\"widget\" data-widget_type=\"text-editor.default\">\n\t\t\t\t<div class=\"elementor-widget-container\">\n\t\t\t\t\t\t\t<p>Le parcours \u00e9questre d\u2019Emilie, lui conf\u00e8re une grande exp\u00e9rience, d\u2019abord cavali\u00e8re de comp\u00e9tition, elle sort sur des \u00e9preuves de saut d\u2019obstacles jusqu\u2019\u00e0 1,25 m de hauteur. Ayant grandi le pied \u00e0 l\u2019\u00e9trier, elle a vu au cours de sa carri\u00e8re de nombreux profils de chevaux et de cavaliers diff\u00e9rents, elle saura identifier rapidement leurs besoins.<\/p>\t\t\t\t\t\t<\/div>\n\t\t\t\t<\/div>\n\t\t\t\t\t<\/div>\n\t\t<\/div>\n\t\t\t\t\t<\/div>\n\t\t<\/section>\n\t\t\t\t<section class=\"elementor-section elementor-top-section elementor-element elementor-element-be14534 elementor-section-boxed elementor-section-height-default elementor-section-height-default\" data-id=\"be14534\" data-element_type=\"section\">\n\t\t\t\t\t\t<div class=\"elementor-container elementor-column-gap-default\">\n\t\t\t\t\t<div class=\"elementor-column elementor-col-50 elementor-top-column elementor-element elementor-element-8a2aca3\" data-id=\"8a2aca3\" data-element_type=\"column\">\n\t\t\t<div class=\"elementor-widget-wrap elementor-element-populated\">\n\t\t\t\t\t\t<div class=\"elementor-element elementor-element-106cbe7 elementor-widget elementor-widget-image\" data-id=\"106cbe7\" data-element_type=\"widget\" data-widget_type=\"image.default\">\n\t\t\t\t<div class=\"elementor-widget-container\">\n\t\t\t\t\t\t\t\t\t\t\t\t\t<img loading=\"lazy\" width=\"960\" height=\"640\" src=\"https:\/\/elia-equitation.fr\/wp-content\/uploads\/2022\/05\/10402721_658092464257278_2120199337956676077_n.jpg\" class=\"attachment-large size-large wp-image-1539\" alt=\"\" srcset=\"https:\/\/elia-equitation.fr\/wp-content\/uploads\/2022\/05\/10402721_658092464257278_2120199337956676077_n.jpg 960w, https:\/\/elia-equitation.fr\/wp-content\/uploads\/2022\/05\/10402721_658092464257278_2120199337956676077_n-300x200.jpg 300w, https:\/\/elia-equitation.fr\/wp-content\/uploads\/2022\/05\/10402721_658092464257278_2120199337956676077_n-768x512.jpg 768w, https:\/\/elia-equitation.fr\/wp-content\/uploads\/2022\/05\/10402721_658092464257278_2120199337956676077_n-930x620.jpg 930w\" sizes=\"(max-width: 960px) 100vw, 960px\" \/>\t\t\t\t\t\t\t\t\t\t\t\t\t<\/div>\n\t\t\t\t<\/div>\n\t\t\t\t<div class=\"elementor-element elementor-element-7ae56f3 elementor-widget elementor-widget-spacer\" data-id=\"7ae56f3\" data-element_type=\"widget\" data-widget_type=\"spacer.default\">\n\t\t\t\t<div class=\"elementor-widget-container\">\n\t\t\t\t\t<div class=\"elementor-spacer\">\n\t\t\t<div class=\"elementor-spacer-inner\"><\/div>\n\t\t<\/div>\n\t\t\t\t<\/div>\n\t\t\t\t<\/div>\n\t\t\t\t\t<\/div>\n\t\t<\/div>\n\t\t\t\t<div class=\"elementor-column elementor-col-50 elementor-top-column elementor-element elementor-element-5c6ea1c\" data-id=\"5c6ea1c\" data-element_type=\"column\">\n\t\t\t<div class=\"elementor-widget-wrap elementor-element-populated\">\n\t\t\t\t\t\t<div class=\"elementor-element elementor-element-927674b elementor-widget elementor-widget-image\" data-id=\"927674b\" data-element_type=\"widget\" data-widget_type=\"image.default\">\n\t\t\t\t<div class=\"elementor-widget-container\">\n\t\t\t\t\t\t\t\t\t\t\t\t\t<img loading=\"lazy\" width=\"1024\" height=\"683\" src=\"https:\/\/elia-equitation.fr\/wp-content\/uploads\/2022\/06\/IMG_0317-1-1024x683.jpg\" class=\"attachment-large size-large wp-image-1864\" alt=\"\" srcset=\"https:\/\/elia-equitation.fr\/wp-content\/uploads\/2022\/06\/IMG_0317-1-1024x683.jpg 1024w, https:\/\/elia-equitation.fr\/wp-content\/uploads\/2022\/06\/IMG_0317-1-300x200.jpg 300w, https:\/\/elia-equitation.fr\/wp-content\/uploads\/2022\/06\/IMG_0317-1-768x512.jpg 768w, https:\/\/elia-equitation.fr\/wp-content\/uploads\/2022\/06\/IMG_0317-1-1536x1024.jpg 1536w, https:\/\/elia-equitation.fr\/wp-content\/uploads\/2022\/06\/IMG_0317-1-930x620.jpg 930w, https:\/\/elia-equitation.fr\/wp-content\/uploads\/2022\/06\/IMG_0317-1.jpg 1920w\" sizes=\"(max-width: 1024px) 100vw, 1024px\" \/>\t\t\t\t\t\t\t\t\t\t\t\t\t<\/div>\n\t\t\t\t<\/div>\n\t\t\t\t\t<\/div>\n\t\t<\/div>\n\t\t\t\t\t<\/div>\n\t\t<\/section>\n\t\t\t\t<\/div>\n\t\t","protected":false},"excerpt":{"rendered":"<p>ELIA \u00c9QUITATION Coach Chez Elia \u00e9quitation, vous b\u00e9n\u00e9ficiez de l\u2019enseignement d\u2019une unique coach : Emilie Dufrane. Elle connait chacun de ses cavaliers, depuis parfois plus de dix ans ! Ce&hellip;&nbsp;<a href=\"https:\/\/elia-equitation.fr\/?page_id=105\" rel=\"bookmark\">Lire la suite &raquo;<span class=\"screen-reader-text\">Coach<\/span><\/a><\/p>\n","protected":false},"author":1,"featured_media":0,"parent":0,"menu_order":0,"comment_status":"closed","ping_status":"closed","template":"page-templates\/template-pagebuilder-full-width.php","meta":{"neve_meta_sidebar":"","neve_meta_container":"","neve_meta_enable_content_width":"","neve_meta_content_width":0,"neve_meta_title_alignment":"","neve_meta_author_avatar":"","neve_post_elements_order":"","neve_meta_disable_header":"","neve_meta_disable_footer":"","neve_meta_disable_title":"","_EventAllDay":false,"_EventTimezone":"","_EventStartDate":"","_EventEndDate":"","_EventStartDateUTC":"","_EventEndDateUTC":"","_EventShowMap":false,"_EventShowMapLink":false,"_EventURL":"","_EventCost":"","_EventCostDescription":"","_EventCurrencySymbol":"","_EventCurrencyCode":"","_EventCurrencyPosition":"","_EventDateTimeSeparator":"","_EventTimeRangeSeparator":"","_EventOrganizerID":[],"_EventVenueID":0,"_OrganizerEmail":"","_OrganizerPhone":"","_OrganizerWebsite":"","_VenueAddress":"","_VenueCity":"","_VenueCountry":"","_VenueProvince":"","_VenueZip":"","_VenuePhone":"","_VenueURL":"","_VenueStateProvince":"","_VenueLat":"","_VenueLng":""},"_links":{"self":[{"href":"https:\/\/elia-equitation.fr\/index.php?rest_route=\/wp\/v2\/pages\/105"}],"collection":[{"href":"https:\/\/elia-equitation.fr\/index.php?rest_route=\/wp\/v2\/pages"}],"about":[{"href":"https:\/\/elia-equitation.fr\/index.php?rest_route=\/wp\/v2\/types\/page"}],"author":[{"embeddable":true,"href":"https:\/\/elia-equitation.fr\/index.php?rest_route=\/wp\/v2\/users\/1"}],"replies":[{"embeddable":true,"href":"https:\/\/elia-equitation.fr\/index.php?rest_route=%2Fwp%2Fv2%2Fcomments&post=105"}],"version-history":[{"count":37,"href":"https:\/\/elia-equitation.fr\/index.php?rest_route=\/wp\/v2\/pages\/105\/revisions"}],"predecessor-version":[{"id":2175,"href":"https:\/\/elia-equitation.fr\/index.php?rest_route=\/wp\/v2\/pages\/105\/revisions\/2175"}],"wp:attachment":[{"href":"https:\/\/elia-equitation.fr\/index.php?rest_route=%2Fwp%2Fv2%2Fmedia&parent=105"}],"curies":[{"name":"wp","href":"https:\/\/api.w.org\/{rel}","templated":true}]}}